{"id":55,"date":"2024-08-20T03:26:41","date_gmt":"2024-08-20T03:26:41","guid":{"rendered":"https:\/\/seoc.fleexstudio.com\/?page_id=55"},"modified":"2025-09-03T23:07:19","modified_gmt":"2025-09-03T20:07:19","slug":"bize-ulasin","status":"publish","type":"page","link":"https:\/\/marianaajans.com\/index.php\/bize-ulasin\/","title":{"rendered":"Bize Ula\u015f\u0131n"},"content":{"rendered":"\t\t<div data-elementor-type=\"wp-page\" data-elementor-id=\"55\" class=\"elementor elementor-55\">\n\t\t\t\t<div class=\"elementor-element elementor-element-c5ad78c e-flex e-con-boxed e-con e-parent\" data-id=\"c5ad78c\" data-element_type=\"container\" data-settings=\"{&quot;background_background&quot;:&quot;classic&quot;}\">\n\t\t\t\t\t<div class=\"e-con-inner\">\n\t\t<div class=\"elementor-element elementor-element-a4b6929 e-flex e-con-boxed e-con e-child\" data-id=\"a4b6929\" data-element_type=\"container\">\n\t\t\t\t\t<div class=\"e-con-inner\">\n\t\t\t\t<div class=\"elementor-element elementor-element-4ee73c5 elementor-widget elementor-widget-heading\" data-id=\"4ee73c5\" data-element_type=\"widget\" data-widget_type=\"heading.default\">\n\t\t\t\t\t<h2 class=\"elementor-heading-title elementor-size-default\">Bize Ula\u015f\u0131n<\/h2>\t\t\t\t<\/div>\n\t\t\t\t<div class=\"elementor-element elementor-element-7e07be8 elementor-widget elementor-widget-vl-breadcrumb\" data-id=\"7e07be8\" data-element_type=\"widget\" data-widget_type=\"vl-breadcrumb.default\">\n\t\t\t\t<div class=\"elementor-widget-container\">\n\t\t\t\t\t\n          <div class=\"vl-breradcrumb\">\n               <!-- Breadcrumb NavXT 7.4.1 -->\n<span property=\"itemListElement\" typeof=\"ListItem\"><a property=\"item\" typeof=\"WebPage\" title=\"Go to Mariana Ajans.\" href=\"https:\/\/marianaajans.com\" class=\"home\" aria-current=\"page\"><span property=\"name\">Mariana Ajans<\/span><\/a><meta property=\"position\" content=\"1\"><\/span>          <\/div>\n\n          \t\t\t\t<\/div>\n\t\t\t\t<\/div>\n\t\t\t\t\t<\/div>\n\t\t\t\t<\/div>\n\t\t\t\t<div class=\"elementor-element elementor-element-5fa67da elementor-absolute elementor-widget elementor-widget-image\" data-id=\"5fa67da\" data-element_type=\"widget\" data-settings=\"{&quot;_position&quot;:&quot;absolute&quot;}\" data-widget_type=\"image.default\">\n\t\t\t\t\t\t\t\t\t\t\t\t\t\t\t<img decoding=\"async\" width=\"198\" height=\"198\" src=\"https:\/\/marianaajans.com\/wp-content\/uploads\/2024\/08\/Ellipse-120.png\" class=\"attachment-large size-large wp-image-161\" alt=\"\" srcset=\"https:\/\/marianaajans.com\/wp-content\/uploads\/2024\/08\/Ellipse-120.png 198w, https:\/\/marianaajans.com\/wp-content\/uploads\/2024\/08\/Ellipse-120-150x150.png 150w\" sizes=\"(max-width: 198px) 100vw, 198px\" \/>\t\t\t\t\t\t\t\t\t\t\t\t\t\t\t<\/div>\n\t\t\t\t\t<\/div>\n\t\t\t\t<\/div>\n\t\t<div class=\"elementor-element elementor-element-92b5934 e-flex e-con-boxed e-con e-parent\" data-id=\"92b5934\" data-element_type=\"container\">\n\t\t\t\t\t<div class=\"e-con-inner\">\n\t\t<div class=\"elementor-element elementor-element-6a2b7ec e-con-full e-flex e-con e-child\" data-id=\"6a2b7ec\" data-element_type=\"container\">\n\t\t<div class=\"elementor-element elementor-element-31dbdd6 e-con-full e-flex e-con e-child\" data-id=\"31dbdd6\" data-element_type=\"container\">\n\t\t<div class=\"elementor-element elementor-element-daf1363 e-con-full e-flex elementor-invisible e-con e-child\" data-id=\"daf1363\" data-element_type=\"container\" data-settings=\"{&quot;animation&quot;:&quot;fadeInUp&quot;}\">\n\t\t\t\t<div class=\"elementor-element elementor-element-18cace4 elementor-widget-divider--view-line elementor-widget elementor-widget-divider\" data-id=\"18cace4\" data-element_type=\"widget\" data-widget_type=\"divider.default\">\n\t\t\t\t\t\t\t<div class=\"elementor-divider\">\n\t\t\t<span class=\"elementor-divider-separator\">\n\t\t\t\t\t\t<\/span>\n\t\t<\/div>\n\t\t\t\t\t\t<\/div>\n\t\t\t\t<div class=\"elementor-element elementor-element-95e5e6a elementor-widget elementor-widget-heading\" data-id=\"95e5e6a\" data-element_type=\"widget\" data-widget_type=\"heading.default\">\n\t\t\t\t\t<h6 class=\"elementor-heading-title elementor-size-default\">Bize Ula\u015f\u0131n<\/h6>\t\t\t\t<\/div>\n\t\t\t\t<\/div>\n\t\t\t\t<div class=\"elementor-element elementor-element-ff90b2f elementor-widget elementor-widget-vl-heading\" data-id=\"ff90b2f\" data-element_type=\"widget\" data-widget_type=\"vl-heading.default\">\n\t\t\t\t<div class=\"elementor-widget-container\">\n\t\t\t\t\t\n\t<h2 class=\"text-anime-style-3 heading-type-1\">\u0130leti\u015fime Ge\u00e7in<\/h2>\n\n\n\n\n\t\t\t\t<\/div>\n\t\t\t\t<\/div>\n\t\t\t\t<div class=\"elementor-element elementor-element-c01bc9f elementor-invisible elementor-widget elementor-widget-text-editor\" data-id=\"c01bc9f\" data-element_type=\"widget\" data-settings=\"{&quot;_animation&quot;:&quot;fadeInUp&quot;}\" data-widget_type=\"text-editor.default\">\n\t\t\t\t\t\t\t\t\t<p>\u00d6zverili ekibimiz, ihtiya\u00e7lar\u0131n\u0131z\u0131n kar\u015f\u0131lanmas\u0131n\u0131 sa\u011flamak i\u00e7in h\u0131zl\u0131 ve etkili destek sa\u011flamaya kendini adam\u0131\u015ft\u0131r. A\u00e7\u0131k ileti\u015fime inan\u0131yor ve her zaman dinlemeye haz\u0131r\u0131z. Telefon, e-posta veya canl\u0131 sohbet yoluyla bize ula\u015fabilir veya mesai saatleri i\u00e7inde ofisimizi ziyaret edebilirsiniz.<\/p>\t\t\t\t\t\t\t\t<\/div>\n\t\t<div class=\"elementor-element elementor-element-deca368 e-grid e-con-full elementor-invisible e-con e-child\" data-id=\"deca368\" data-element_type=\"container\" data-settings=\"{&quot;animation&quot;:&quot;fadeInUp&quot;}\">\n\t\t\t\t<div class=\"elementor-element elementor-element-c84f03e elementor-view-stacked elementor-position-left elementor-shape-circle elementor-mobile-position-top elementor-widget elementor-widget-icon-box\" data-id=\"c84f03e\" data-element_type=\"widget\" data-widget_type=\"icon-box.default\">\n\t\t\t\t\t\t\t<div class=\"elementor-icon-box-wrapper\">\n\n\t\t\t\t\t\t<div class=\"elementor-icon-box-icon\">\n\t\t\t\t<span  class=\"elementor-icon\">\n\t\t\t\t<svg aria-hidden=\"true\" class=\"e-font-icon-svg e-fas-phone\" viewBox=\"0 0 512 512\" xmlns=\"http:\/\/www.w3.org\/2000\/svg\"><path d=\"M493.4 24.6l-104-24c-11.3-2.6-22.9 3.3-27.5 13.9l-48 112c-4.2 9.8-1.4 21.3 6.9 28l60.6 49.6c-36 76.7-98.9 140.5-177.2 177.2l-49.6-60.6c-6.8-8.3-18.2-11.1-28-6.9l-112 48C3.9 366.5-2 378.1.6 389.4l24 104C27.1 504.2 36.7 512 48 512c256.1 0 464-207.5 464-464 0-11.2-7.7-20.9-18.6-23.4z\"><\/path><\/svg>\t\t\t\t<\/span>\n\t\t\t<\/div>\n\t\t\t\n\t\t\t\t\t\t<div class=\"elementor-icon-box-content\">\n\n\t\t\t\t\t\t\t\t\t<h3 class=\"elementor-icon-box-title\">\n\t\t\t\t\t\t<span  >\n\t\t\t\t\t\t\tTelefon Numaras\u0131\t\t\t\t\t\t<\/span>\n\t\t\t\t\t<\/h3>\n\t\t\t\t\n\t\t\t\t\t\t\t\t\t<p class=\"elementor-icon-box-description\">\n\t\t\t\t\t\t0850 304 46 91\t\t\t\t\t<\/p>\n\t\t\t\t\n\t\t\t<\/div>\n\t\t\t\n\t\t<\/div>\n\t\t\t\t\t\t<\/div>\n\t\t\t\t<\/div>\n\t\t<div class=\"elementor-element elementor-element-87ef36a e-con-full e-flex elementor-invisible e-con e-child\" data-id=\"87ef36a\" data-element_type=\"container\" data-settings=\"{&quot;animation&quot;:&quot;fadeInUp&quot;}\">\n\t\t\t\t<div class=\"elementor-element elementor-element-0ca6e70 elementor-view-stacked elementor-position-left elementor-shape-circle elementor-mobile-position-top elementor-widget elementor-widget-icon-box\" data-id=\"0ca6e70\" data-element_type=\"widget\" data-widget_type=\"icon-box.default\">\n\t\t\t\t\t\t\t<div class=\"elementor-icon-box-wrapper\">\n\n\t\t\t\t\t\t<div class=\"elementor-icon-box-icon\">\n\t\t\t\t<span  class=\"elementor-icon\">\n\t\t\t\t<svg aria-hidden=\"true\" class=\"e-font-icon-svg e-fas-paper-plane\" viewBox=\"0 0 512 512\" xmlns=\"http:\/\/www.w3.org\/2000\/svg\"><path d=\"M476 3.2L12.5 270.6c-18.1 10.4-15.8 35.6 2.2 43.2L121 358.4l287.3-253.2c5.5-4.9 13.3 2.6 8.6 8.3L176 407v80.5c0 23.6 28.5 32.9 42.5 15.8L282 426l124.6 52.2c14.2 6 30.4-2.9 33-18.2l72-432C515 7.8 493.3-6.8 476 3.2z\"><\/path><\/svg>\t\t\t\t<\/span>\n\t\t\t<\/div>\n\t\t\t\n\t\t\t\t\t\t<div class=\"elementor-icon-box-content\">\n\n\t\t\t\t\t\t\t\t\t<h3 class=\"elementor-icon-box-title\">\n\t\t\t\t\t\t<span  >\n\t\t\t\t\t\t\tKonum\t\t\t\t\t\t<\/span>\n\t\t\t\t\t<\/h3>\n\t\t\t\t\n\t\t\t\t\t\t\t\t\t<p class=\"elementor-icon-box-description\">\n\t\t\t\t\t\tKAR\u015eIYAKA MAH. G\u00d6LGE SK. NO: 3 \u0130\u00c7 KAPI NO: 4 ARMUTLU\/ YALOVA\t\t\t\t\t<\/p>\n\t\t\t\t\n\t\t\t<\/div>\n\t\t\t\n\t\t<\/div>\n\t\t\t\t\t\t<\/div>\n\t\t\t\t<\/div>\n\t\t\t\t<\/div>\n\t\t<div class=\"elementor-element elementor-element-fa10396 e-con-full e-flex elementor-invisible e-con e-child\" data-id=\"fa10396\" data-element_type=\"container\" data-settings=\"{&quot;background_background&quot;:&quot;classic&quot;,&quot;animation&quot;:&quot;fadeInUp&quot;}\">\n\t\t\t\t<div class=\"elementor-element elementor-element-b1bc8d3 elementor-widget elementor-widget-heading\" data-id=\"b1bc8d3\" data-element_type=\"widget\" data-widget_type=\"heading.default\">\n\t\t\t\t\t<h3 class=\"elementor-heading-title elementor-size-default\">\u0130leti\u015fime Ge\u00e7in<\/h3>\t\t\t\t<\/div>\n\t\t\t\t<div class=\"elementor-element elementor-element-fc2eb96 elementor-widget elementor-widget-text-editor\" data-id=\"fc2eb96\" data-element_type=\"widget\" data-widget_type=\"text-editor.default\">\n\t\t\t\t\t\t\t\t\t<p>Yard\u0131mc\u0131 olmak i\u00e7in buraday\u0131z! Herhangi bir sorunuz varsa veya SEO ve dijital pazarlama hizmetlerimizin i\u015fletmenize nas\u0131l fayda sa\u011flayabilece\u011fini g\u00f6r\u00fc\u015fmek isterseniz,<\/p>\t\t\t\t\t\t\t\t<\/div>\n\t\t\t\t<div class=\"elementor-element elementor-element-6decfe4 elementor-widget elementor-widget-shortcode\" data-id=\"6decfe4\" data-element_type=\"widget\" data-widget_type=\"shortcode.default\">\n\t\t\t\t\t\t\t<div class=\"elementor-shortcode\">\n<div class=\"wpcf7 no-js\" id=\"wpcf7-f3414-o1\" lang=\"en-US\" dir=\"ltr\" data-wpcf7-id=\"3414\">\n<div class=\"screen-reader-response\"><p role=\"status\" aria-live=\"polite\" aria-atomic=\"true\"><\/p> <ul><\/ul><\/div>\n<form action=\"\/index.php\/wp-json\/wp\/v2\/pages\/55#wpcf7-f3414-o1\" method=\"post\" class=\"wpcf7-form init\" aria-label=\"Contact form\" novalidate=\"novalidate\" data-status=\"init\">\n<fieldset class=\"hidden-fields-container\"><input type=\"hidden\" name=\"_wpcf7\" value=\"3414\" \/><input type=\"hidden\" name=\"_wpcf7_version\" value=\"6.1.1\" \/><input type=\"hidden\" name=\"_wpcf7_locale\" value=\"en_US\" \/><input type=\"hidden\" name=\"_wpcf7_unit_tag\" value=\"wpcf7-f3414-o1\" \/><input type=\"hidden\" name=\"_wpcf7_container_post\" value=\"0\" \/><input type=\"hidden\" name=\"_wpcf7_posted_data_hash\" value=\"\" \/>\n<\/fieldset>\n<div class=\"contact1-section-area\">\n\n<div class=\"contact-boxarea\">\n           \n            <div class=\"row\">\n              <div class=\"col-lg-6\">\n                <div class=\"input-area\">\n                  <span class=\"wpcf7-form-control-wrap\" data-name=\"fname\"><input size=\"40\" maxlength=\"400\" class=\"wpcf7-form-control wpcf7-text wpcf7-validates-as-required\" aria-required=\"true\" aria-invalid=\"false\" placeholder=\"Ad\u0131n\u0131z\" value=\"\" type=\"text\" name=\"fname\" \/><\/span>\n                <\/div>\n              <\/div>\n              <div class=\"col-lg-6\">\n                <div class=\"input-area\">\n                  <span class=\"wpcf7-form-control-wrap\" data-name=\"lname\"><input size=\"40\" maxlength=\"400\" class=\"wpcf7-form-control wpcf7-text wpcf7-validates-as-required\" aria-required=\"true\" aria-invalid=\"false\" placeholder=\"Soyad\u0131n\u0131z\" value=\"\" type=\"text\" name=\"lname\" \/><\/span>\n                <\/div>\n              <\/div>\n              <div class=\"col-lg-6\">\n                <div class=\"input-area\">\n                  <span class=\"wpcf7-form-control-wrap\" data-name=\"your-email\"><input size=\"40\" maxlength=\"400\" class=\"wpcf7-form-control wpcf7-email wpcf7-validates-as-required wpcf7-text wpcf7-validates-as-email\" autocomplete=\"email\" aria-required=\"true\" aria-invalid=\"false\" placeholder=\"E-posta Adresi\" value=\"\" type=\"email\" name=\"your-email\" \/><\/span>\n                <\/div>\n              <\/div>\n\n              <div class=\"col-lg-6\">\n                <div class=\"input-area\">\n                  <span class=\"wpcf7-form-control-wrap\" data-name=\"phonenumber\"><input size=\"40\" maxlength=\"400\" class=\"wpcf7-form-control wpcf7-tel wpcf7-text wpcf7-validates-as-tel\" aria-invalid=\"false\" placeholder=\"Telefon Numaras\u0131\" value=\"\" type=\"tel\" name=\"phonenumber\" \/><\/span>\n                <\/div>\n              <\/div>\n              <div class=\"col-lg-12\">\n                <div class=\"input-area\">\n                    <span class=\"wpcf7-form-control-wrap\" data-name=\"countrys\"><select class=\"wpcf7-form-control wpcf7-select\" aria-invalid=\"false\" name=\"countrys\"><option value=\"T\u00fcrkiye\">T\u00fcrkiye<\/option><option value=\"Azerbaycan\">Azerbaycan<\/option><\/select><\/span>\n                <\/div>\n              <\/div>\n              <div class=\"col-lg-12\">\n                <div class=\"input-area\">\n                  <span class=\"wpcf7-form-control-wrap\" data-name=\"your-message\"><textarea cols=\"40\" rows=\"10\" maxlength=\"2000\" class=\"wpcf7-form-control wpcf7-textarea\" aria-invalid=\"false\" placeholder=\"Mesaj\u0131n\u0131z\" name=\"your-message\"><\/textarea><\/span>\n                <\/div>\n              <\/div>\n              <div class=\"col-lg-12\">\n                <div class=\"input-area\">\n<button class=\"form_consultation_button\"><input class=\"wpcf7-form-control wpcf7-submit has-spinner\" type=\"submit\" value=\"\u00dccretsiz Dan\u0131\u015fmanl\u0131k\" \/> <i class=\"fa-solid fa-arrow-right\"><\/i><\/button>\n                  \n                <\/div>\n              <\/div>\n             <\/div>\n        <\/div>\n     <\/div><div class=\"wpcf7-response-output\" aria-hidden=\"true\"><\/div>\n<\/form>\n<\/div>\n<\/div>\n\t\t\t\t\t\t<\/div>\n\t\t\t\t<\/div>\n\t\t\t\t<\/div>\n\t\t\t\t\t<\/div>\n\t\t\t\t<\/div>\n\t\t\t\t<\/div>\n\t\t","protected":false},"excerpt":{"rendered":"<p>Bize Ula\u015f\u0131n Mariana Ajans Bize Ula\u015f\u0131n \u0130leti\u015fime Ge\u00e7in \u00d6zverili ekibimiz, ihtiya\u00e7lar\u0131n\u0131z\u0131n kar\u015f\u0131lanmas\u0131n\u0131 sa\u011flamak i\u00e7in h\u0131zl\u0131 ve etkili destek sa\u011flamaya kendini adam\u0131\u015ft\u0131r. A\u00e7\u0131k ileti\u015fime inan\u0131yor ve her zaman dinlemeye haz\u0131r\u0131z. Telefon, e-posta veya canl\u0131 sohbet yoluyla bize ula\u015fabilir veya mesai saatleri i\u00e7inde ofisimizi ziyaret edebilirsiniz. Telefon Numaras\u0131 0850 304 46 91 Konum KAR\u015eIYAKA MAH. G\u00d6LGE SK. [&hellip;]<\/p>\n","protected":false},"author":1,"featured_media":0,"parent":0,"menu_order":0,"comment_status":"closed","ping_status":"closed","template":"elementor_header_footer","meta":{"_acf_changed":false,"footnotes":""},"class_list":["post-55","page","type-page","status-publish","hentry"],"acf":[],"yoast_head":"<!-- This site is optimized with the Yoast SEO plugin v25.8 - https:\/\/yoast.com\/wordpress\/plugins\/seo\/ -->\n<title>Mariana Ajans \u0130leti\u015fim | Profesyonel Medya ve Yay\u0131nc\u0131l\u0131k Deste\u011fi - Mariana Ajans<\/title>\n<meta name=\"description\" content=\"Mariana Ajans ile hemen ileti\u015fime ge\u00e7in! Yay\u0131nc\u0131l\u0131k, medya y\u00f6netimi ve i\u00e7erik \u00fcreticisi destek hizmetleri i\u00e7in bize ula\u015fabilir,\" \/>\n<meta name=\"robots\" content=\"index, follow, max-snippet:-1, max-image-preview:large, max-video-preview:-1\" \/>\n<link rel=\"canonical\" href=\"https:\/\/marianaajans.com\/index.php\/bize-ulasin\/\" \/>\n<meta property=\"og:locale\" content=\"tr_TR\" \/>\n<meta property=\"og:type\" content=\"article\" \/>\n<meta property=\"og:title\" content=\"Mariana Ajans \u0130leti\u015fim | Profesyonel Medya ve Yay\u0131nc\u0131l\u0131k Deste\u011fi - Mariana Ajans\" \/>\n<meta property=\"og:description\" content=\"Mariana Ajans ile hemen ileti\u015fime ge\u00e7in! Yay\u0131nc\u0131l\u0131k, medya y\u00f6netimi ve i\u00e7erik \u00fcreticisi destek hizmetleri i\u00e7in bize ula\u015fabilir,\" \/>\n<meta property=\"og:url\" content=\"https:\/\/marianaajans.com\/index.php\/bize-ulasin\/\" \/>\n<meta property=\"og:site_name\" content=\"Mariana Ajans\" \/>\n<meta property=\"article:modified_time\" content=\"2025-09-03T20:07:19+00:00\" \/>\n<meta property=\"og:image\" content=\"https:\/\/marianaajans.com\/wp-content\/uploads\/2024\/08\/Ellipse-120.png\" \/>\n<meta name=\"twitter:card\" content=\"summary_large_image\" \/>\n<meta name=\"twitter:label1\" content=\"Tahmini okuma s\u00fcresi\" \/>\n\t<meta name=\"twitter:data1\" content=\"1 dakika\" \/>\n<script type=\"application\/ld+json\" class=\"yoast-schema-graph\">{\"@context\":\"https:\/\/schema.org\",\"@graph\":[{\"@type\":\"WebPage\",\"@id\":\"https:\/\/marianaajans.com\/index.php\/bize-ulasin\/\",\"url\":\"https:\/\/marianaajans.com\/index.php\/bize-ulasin\/\",\"name\":\"Mariana Ajans \u0130leti\u015fim | Profesyonel Medya ve Yay\u0131nc\u0131l\u0131k Deste\u011fi - Mariana Ajans\",\"isPartOf\":{\"@id\":\"https:\/\/marianaajans.com\/#website\"},\"primaryImageOfPage\":{\"@id\":\"https:\/\/marianaajans.com\/index.php\/bize-ulasin\/#primaryimage\"},\"image\":{\"@id\":\"https:\/\/marianaajans.com\/index.php\/bize-ulasin\/#primaryimage\"},\"thumbnailUrl\":\"https:\/\/marianaajans.com\/wp-content\/uploads\/2024\/08\/Ellipse-120.png\",\"datePublished\":\"2024-08-20T03:26:41+00:00\",\"dateModified\":\"2025-09-03T20:07:19+00:00\",\"description\":\"Mariana Ajans ile hemen ileti\u015fime ge\u00e7in! Yay\u0131nc\u0131l\u0131k, medya y\u00f6netimi ve i\u00e7erik \u00fcreticisi destek hizmetleri i\u00e7in bize ula\u015fabilir,\",\"breadcrumb\":{\"@id\":\"https:\/\/marianaajans.com\/index.php\/bize-ulasin\/#breadcrumb\"},\"inLanguage\":\"tr\",\"potentialAction\":[{\"@type\":\"ReadAction\",\"target\":[\"https:\/\/marianaajans.com\/index.php\/bize-ulasin\/\"]}]},{\"@type\":\"ImageObject\",\"inLanguage\":\"tr\",\"@id\":\"https:\/\/marianaajans.com\/index.php\/bize-ulasin\/#primaryimage\",\"url\":\"https:\/\/marianaajans.com\/wp-content\/uploads\/2024\/08\/Ellipse-120.png\",\"contentUrl\":\"https:\/\/marianaajans.com\/wp-content\/uploads\/2024\/08\/Ellipse-120.png\",\"width\":198,\"height\":198},{\"@type\":\"BreadcrumbList\",\"@id\":\"https:\/\/marianaajans.com\/index.php\/bize-ulasin\/#breadcrumb\",\"itemListElement\":[{\"@type\":\"ListItem\",\"position\":1,\"name\":\"Anasayfa\",\"item\":\"https:\/\/marianaajans.com\/\"},{\"@type\":\"ListItem\",\"position\":2,\"name\":\"Bize Ula\u015f\u0131n\"}]},{\"@type\":\"WebSite\",\"@id\":\"https:\/\/marianaajans.com\/#website\",\"url\":\"https:\/\/marianaajans.com\/\",\"name\":\"Mariana Ajans\",\"description\":\"\",\"publisher\":{\"@id\":\"https:\/\/marianaajans.com\/#organization\"},\"potentialAction\":[{\"@type\":\"SearchAction\",\"target\":{\"@type\":\"EntryPoint\",\"urlTemplate\":\"https:\/\/marianaajans.com\/?s={search_term_string}\"},\"query-input\":{\"@type\":\"PropertyValueSpecification\",\"valueRequired\":true,\"valueName\":\"search_term_string\"}}],\"inLanguage\":\"tr\"},{\"@type\":\"Organization\",\"@id\":\"https:\/\/marianaajans.com\/#organization\",\"name\":\"Mariana Ajans\",\"url\":\"https:\/\/marianaajans.com\/\",\"logo\":{\"@type\":\"ImageObject\",\"inLanguage\":\"tr\",\"@id\":\"https:\/\/marianaajans.com\/#\/schema\/logo\/image\/\",\"url\":\"https:\/\/marianaajans.com\/wp-content\/uploads\/2025\/08\/cropped-Kirimizi-Mavi-Sade-Ajans-Logo-1-1.png\",\"contentUrl\":\"https:\/\/marianaajans.com\/wp-content\/uploads\/2025\/08\/cropped-Kirimizi-Mavi-Sade-Ajans-Logo-1-1.png\",\"width\":48,\"height\":47,\"caption\":\"Mariana Ajans\"},\"image\":{\"@id\":\"https:\/\/marianaajans.com\/#\/schema\/logo\/image\/\"}}]}<\/script>\n<!-- \/ Yoast SEO plugin. -->","yoast_head_json":{"title":"Mariana Ajans \u0130leti\u015fim | Profesyonel Medya ve Yay\u0131nc\u0131l\u0131k Deste\u011fi - Mariana Ajans","description":"Mariana Ajans ile hemen ileti\u015fime ge\u00e7in! Yay\u0131nc\u0131l\u0131k, medya y\u00f6netimi ve i\u00e7erik \u00fcreticisi destek hizmetleri i\u00e7in bize ula\u015fabilir,","robots":{"index":"index","follow":"follow","max-snippet":"max-snippet:-1","max-image-preview":"max-image-preview:large","max-video-preview":"max-video-preview:-1"},"canonical":"https:\/\/marianaajans.com\/index.php\/bize-ulasin\/","og_locale":"tr_TR","og_type":"article","og_title":"Mariana Ajans \u0130leti\u015fim | Profesyonel Medya ve Yay\u0131nc\u0131l\u0131k Deste\u011fi - Mariana Ajans","og_description":"Mariana Ajans ile hemen ileti\u015fime ge\u00e7in! Yay\u0131nc\u0131l\u0131k, medya y\u00f6netimi ve i\u00e7erik \u00fcreticisi destek hizmetleri i\u00e7in bize ula\u015fabilir,","og_url":"https:\/\/marianaajans.com\/index.php\/bize-ulasin\/","og_site_name":"Mariana Ajans","article_modified_time":"2025-09-03T20:07:19+00:00","og_image":[{"url":"https:\/\/marianaajans.com\/wp-content\/uploads\/2024\/08\/Ellipse-120.png","type":"","width":"","height":""}],"twitter_card":"summary_large_image","twitter_misc":{"Tahmini okuma s\u00fcresi":"1 dakika"},"schema":{"@context":"https:\/\/schema.org","@graph":[{"@type":"WebPage","@id":"https:\/\/marianaajans.com\/index.php\/bize-ulasin\/","url":"https:\/\/marianaajans.com\/index.php\/bize-ulasin\/","name":"Mariana Ajans \u0130leti\u015fim | Profesyonel Medya ve Yay\u0131nc\u0131l\u0131k Deste\u011fi - Mariana Ajans","isPartOf":{"@id":"https:\/\/marianaajans.com\/#website"},"primaryImageOfPage":{"@id":"https:\/\/marianaajans.com\/index.php\/bize-ulasin\/#primaryimage"},"image":{"@id":"https:\/\/marianaajans.com\/index.php\/bize-ulasin\/#primaryimage"},"thumbnailUrl":"https:\/\/marianaajans.com\/wp-content\/uploads\/2024\/08\/Ellipse-120.png","datePublished":"2024-08-20T03:26:41+00:00","dateModified":"2025-09-03T20:07:19+00:00","description":"Mariana Ajans ile hemen ileti\u015fime ge\u00e7in! Yay\u0131nc\u0131l\u0131k, medya y\u00f6netimi ve i\u00e7erik \u00fcreticisi destek hizmetleri i\u00e7in bize ula\u015fabilir,","breadcrumb":{"@id":"https:\/\/marianaajans.com\/index.php\/bize-ulasin\/#breadcrumb"},"inLanguage":"tr","potentialAction":[{"@type":"ReadAction","target":["https:\/\/marianaajans.com\/index.php\/bize-ulasin\/"]}]},{"@type":"ImageObject","inLanguage":"tr","@id":"https:\/\/marianaajans.com\/index.php\/bize-ulasin\/#primaryimage","url":"https:\/\/marianaajans.com\/wp-content\/uploads\/2024\/08\/Ellipse-120.png","contentUrl":"https:\/\/marianaajans.com\/wp-content\/uploads\/2024\/08\/Ellipse-120.png","width":198,"height":198},{"@type":"BreadcrumbList","@id":"https:\/\/marianaajans.com\/index.php\/bize-ulasin\/#breadcrumb","itemListElement":[{"@type":"ListItem","position":1,"name":"Anasayfa","item":"https:\/\/marianaajans.com\/"},{"@type":"ListItem","position":2,"name":"Bize Ula\u015f\u0131n"}]},{"@type":"WebSite","@id":"https:\/\/marianaajans.com\/#website","url":"https:\/\/marianaajans.com\/","name":"Mariana Ajans","description":"","publisher":{"@id":"https:\/\/marianaajans.com\/#organization"},"potentialAction":[{"@type":"SearchAction","target":{"@type":"EntryPoint","urlTemplate":"https:\/\/marianaajans.com\/?s={search_term_string}"},"query-input":{"@type":"PropertyValueSpecification","valueRequired":true,"valueName":"search_term_string"}}],"inLanguage":"tr"},{"@type":"Organization","@id":"https:\/\/marianaajans.com\/#organization","name":"Mariana Ajans","url":"https:\/\/marianaajans.com\/","logo":{"@type":"ImageObject","inLanguage":"tr","@id":"https:\/\/marianaajans.com\/#\/schema\/logo\/image\/","url":"https:\/\/marianaajans.com\/wp-content\/uploads\/2025\/08\/cropped-Kirimizi-Mavi-Sade-Ajans-Logo-1-1.png","contentUrl":"https:\/\/marianaajans.com\/wp-content\/uploads\/2025\/08\/cropped-Kirimizi-Mavi-Sade-Ajans-Logo-1-1.png","width":48,"height":47,"caption":"Mariana Ajans"},"image":{"@id":"https:\/\/marianaajans.com\/#\/schema\/logo\/image\/"}}]}},"_links":{"self":[{"href":"https:\/\/marianaajans.com\/index.php\/wp-json\/wp\/v2\/pages\/55","targetHints":{"allow":["GET"]}}],"collection":[{"href":"https:\/\/marianaajans.com\/index.php\/wp-json\/wp\/v2\/pages"}],"about":[{"href":"https:\/\/marianaajans.com\/index.php\/wp-json\/wp\/v2\/types\/page"}],"author":[{"embeddable":true,"href":"https:\/\/marianaajans.com\/index.php\/wp-json\/wp\/v2\/users\/1"}],"replies":[{"embeddable":true,"href":"https:\/\/marianaajans.com\/index.php\/wp-json\/wp\/v2\/comments?post=55"}],"version-history":[{"count":5,"href":"https:\/\/marianaajans.com\/index.php\/wp-json\/wp\/v2\/pages\/55\/revisions"}],"predecessor-version":[{"id":4046,"href":"https:\/\/marianaajans.com\/index.php\/wp-json\/wp\/v2\/pages\/55\/revisions\/4046"}],"wp:attachment":[{"href":"https:\/\/marianaajans.com\/index.php\/wp-json\/wp\/v2\/media?parent=55"}],"curies":[{"name":"wp","href":"https:\/\/api.w.org\/{rel}","templated":true}]}}